{"id":174,"date":"2024-07-02T11:16:55","date_gmt":"2024-07-02T17:16:55","guid":{"rendered":"https:\/\/ace-construccion.com.mx\/?page_id=174"},"modified":"2024-07-03T13:33:23","modified_gmt":"2024-07-03T19:33:23","slug":"inicio","status":"publish","type":"page","link":"https:\/\/ace-construccion.com.mx\/","title":{"rendered":"INICIO"},"content":{"rendered":"\n<h2 class=\"wp-block-heading\">\u00bfQUI\u00c9NES SOMOS?<\/h2>\n\n\n\n<p><\/p>\n\n\n\n<p>ACE Ideas inteligentes en Construcci\u00f3n fue creada con la fusi\u00f3n de talentos de expertos comprobados de la industria.<\/p>\n\n\n\n<p>\u2022M\u00e1s de 20 a\u00f1os de experiencia combinada como proveedores de servicios independientes.<\/p>\n\n\n\n<p>\u2022Amplia cartera de clientes en entornos corporativos, industriales y comerciales.<\/p>\n\n\n\n<p>\u2022Experiencia adquirida en gesti\u00f3n eficiente de edificios.<\/p>\n\n\n\n<figure class=\"wp-block-image size-full\"><img loading=\"lazy\" decoding=\"async\" width=\"2560\" height=\"1529\" src=\"https:\/\/ace-construccion.com.mx\/wp-content\/uploads\/2016\/05\/Imagen1-scaled.jpg\" alt=\"\" class=\"wp-image-4\" srcset=\"https:\/\/ace-construccion.com.mx\/wp-content\/uploads\/2016\/05\/Imagen1-scaled.jpg 2560w, https:\/\/ace-construccion.com.mx\/wp-content\/uploads\/2016\/05\/Imagen1-300x179.jpg 300w, https:\/\/ace-construccion.com.mx\/wp-content\/uploads\/2016\/05\/Imagen1-1024x612.jpg 1024w, https:\/\/ace-construccion.com.mx\/wp-content\/uploads\/2016\/05\/Imagen1-768x459.jpg 768w, https:\/\/ace-construccion.com.mx\/wp-content\/uploads\/2016\/05\/Imagen1-1536x918.jpg 1536w, https:\/\/ace-construccion.com.mx\/wp-content\/uploads\/2016\/05\/Imagen1-2048x1223.jpg 2048w, https:\/\/ace-construccion.com.mx\/wp-content\/uploads\/2016\/05\/Imagen1-1568x937.jpg 1568w\" sizes=\"auto, (max-width: 2560px) 100vw, 2560px\" \/><\/figure>\n\n\n","protected":false},"excerpt":{"rendered":"<p>\u00bfQUI\u00c9NES SOMOS? ACE Ideas inteligentes en Construcci\u00f3n fue creada con la fusi\u00f3n de talentos de expertos comprobados de la industria. \u2022M\u00e1s de 20 a\u00f1os de experiencia combinada como proveedores de servicios independientes. \u2022Amplia cartera de clientes en entornos corporativos, industriales y comerciales. \u2022Experiencia adquirida en gesti\u00f3n eficiente de edificios.<\/p>\n","protected":false},"author":1,"featured_media":0,"parent":0,"menu_order":0,"comment_status":"closed","ping_status":"closed","template":"","meta":{"footnotes":""},"class_list":["post-174","page","type-page","status-publish","hentry"],"_links":{"self":[{"href":"https:\/\/ace-construccion.com.mx\/index.php?rest_route=\/wp\/v2\/pages\/174","targetHints":{"allow":["GET"]}}],"collection":[{"href":"https:\/\/ace-construccion.com.mx\/index.php?rest_route=\/wp\/v2\/pages"}],"about":[{"href":"https:\/\/ace-construccion.com.mx\/index.php?rest_route=\/wp\/v2\/types\/page"}],"author":[{"embeddable":true,"href":"https:\/\/ace-construccion.com.mx\/index.php?rest_route=\/wp\/v2\/users\/1"}],"replies":[{"embeddable":true,"href":"https:\/\/ace-construccion.com.mx\/index.php?rest_route=%2Fwp%2Fv2%2Fcomments&post=174"}],"version-history":[{"count":7,"href":"https:\/\/ace-construccion.com.mx\/index.php?rest_route=\/wp\/v2\/pages\/174\/revisions"}],"predecessor-version":[{"id":248,"href":"https:\/\/ace-construccion.com.mx\/index.php?rest_route=\/wp\/v2\/pages\/174\/revisions\/248"}],"wp:attachment":[{"href":"https:\/\/ace-construccion.com.mx\/index.php?rest_route=%2Fwp%2Fv2%2Fmedia&parent=174"}],"curies":[{"name":"wp","href":"https:\/\/api.w.org\/{rel}","templated":true}]}}